15) to base 10.
-108
What is 75 (base 11) in base 14?
5c
13 (base 5) to base 3
22
Convert 3 (base 8) to base 10.
3
What is -3 (base 12) in base 3?
-10
What is -a1 (base 12) in base 4?
-1321
-10 (base 6) to base 12
-6
-20 (base 7) to base 9
-15
Convert 3 (base 15) to base 3.
10
b4 (base 13) to base 8
223
0 (base 6) to base 11
0
-10000 (base 2) to base 4
-100
Convert 25 (base 8) to base 11.
1a
1 (base 6) to base 11
1
10 (base 9) to base 7
12
30 (base 5) to base 15
10
What is -1 (base 10) in base 11?
-1
What is -62 (base 15) in base 9?
-112
Convert 3 (base 7) to base 15.
3
-10 (base 11) to base 4
-23
What is -140 (base 5) in base 3?
-1200
Convert -2 (base 3) to base 9.
-2
What is 100 (base 2) in base 3?
11
1120 (base 3) to base 11
39
What is -100011111 (base 2) in base 9?
-348
What is -101102 (base 3) in base 14?
-161
What is -420 (base 6) in base 5?
-1111
Convert 0 (base 12) to base 7.
0
-4 (base 7) to base 4
-10
Convert -11 (base 13) to base 5.
-24
164 (base 7) to base 11
87
What is 3 (base 16) in base 8?
3
3a (base 15) to base 10
55
What is 2 (base 15) in base 13?
2
-201 (base 12) to base 4
-10201
What is -110 (base 2) in base 9?
-6
What is -74 (base 14) in base 4?
-1212
-6 (base 12) to base 5
-11
35 (base 6) to base 16
17
Convert -102 (base 8) to base 4.
-1002
What is -104 (base 6) in base 13?
-31
Convert 4 (base 7) to base 3.
11
Convert -4 (base 6) to base 3.
-11
-1010100 (base 2) to base 15
-59
What is a (base 13) in base 4?
22
What is 20 (base 11) in base 15?
17
Convert 3c (base 16) to base 11.
55
210 (base 3) to base 10
21
Convert 1 (base 13) to base 16.
1
4 (base 15) to base 12
4
-4 (base 15) to base 9
-4
What is 2 (base 16) in base 13?
2
-9 (base 16) to base 3
-100
-69 (base 15) to base 4
-1203
What is -37 (base 12) in base 2?
-101011
-1110 (base 2) to base 11
-13
What is 2 (base 13) in base 2?
10
What is 8 (base 11) in base 12?
8
What is 0 (base 14) in base 8?
0
1310 (base 5) to base 6
541
What is 75 (base 16) in base 8?
165
Convert 0 (base 16) to base 4.
0
Convert -3 (base 5) to base 12.
-3
Convert 111 (base 2) to base 9.
7
30 (base 14) to base 4
222
Convert -7 (base 16) to base 5.
-12
-311 (base 4) to base 7
-104
What is -11 (base 4) in base 13?
-5
What is -2 (base 16) in base 4?
-2
What is -3 (base 10) in base 11?
-3
What is -1001 (base 2) in base 5?
-14
-9 (base 14) to base 11
-9
What is -1100 (base 5) in base 16?
-96
What is -2 (base 12) in base 13?
-2
Convert -5 (base 8) to base 10.
-5
Convert 7 (base 10) to base 14.
7
Convert 72 (base 14) to base 11.
91
What is 32 (base 10) in base 14?
24
2 (base 15) to base 11
2
Convert 10 (base 6) to base 5.
11
What is 111 (base 3) in base 7?
16
-121 (base 9) to base 4
-1210
Convert 32 (base 10) to base 3.
1012
Convert -1121 (base 5) to base 9.
-188
64 (base 12) to base 8
114
Convert 2 (base 15) to base 12.
2
What is -1003 (base 4) in base 5?
-232
1 (base 9) to base 2
1
111001 (base 2) to base 14
41
15 (base 12) to base 5
32
-39 (base 11) to base 3
-1120
Convert -3 (base 14) to base 4.
-3
What is -123 (base 4) in base 15?
-1c
3 (base 14) to base 15
3
What is 1100 (base 2) in base 13?
c
What is -10101000 (base 2) in base 13?
-cc
1 (base 7) to base 8
1
What is 1131 (base 4) in base 13?
72
What is 100 (base 3) in base 9?
10
What is -45 (base 15) in base 16?
-41
What is 38 (base 15) in base 7?
104
-405 (base 9) to base 2
-101001001
Convert 7 (base 15) to base 9.
7
-102 (base 3) to base 5
-21
What is -22 (base 12) in base 15?
-1b
2 (base 13) to base 6
2
Convert -12 (base 7) to base 2.
-1001
Convert -55 (base 12) to base 10.
-65
-1 (base 3) to base 13
-1
What is -4 (base 12) in base 14?
-4
Convert 27 (base 14) to base 16.
23
What is 29 (base 14) in base 8?
45
-1 (base 4) to base 14
-1
Convert -2 (base 4) to base 10.
-2
Convert 59 (base 13) to base 11.
68
a (base 14) to base 7
13
-67 (base 14) to base 11
-83
What is -131 (base 4) in base 3?
-1002
0 (base 8) to base 16
0
What is 1101 (base 2) in base 16?
d
Convert 2b (base 16) to base 11.
3a
What is -209 (base 10) in base 8?
-321
Convert 12 (base 16) to base 14.
14
11 (base 3) to base 2
100
What is 12 (base 9) in base 13?
b
Convert -10 (base 12) to base 8.
-14
2 (base 9) to base 8
2
-3 (base 9) to base 12
-3
What is f3 (base 16) in base 2?
11110011
What is 18 (base 11) in base 12?
17
12 (base 10) to base 4
30
What is -17 (base 10) in base 4?
-101
Convert -4 (base 9) to base 13.
-4
Convert -101211 (base 3) to base 13.
-196
330 (base 6) to base 16
7e
-3 (base 14) to base 10
-3
11 (base 11) to base 15
c
-61 (base 7) to base 10
-43
-2 (base 15) to base 11
-2
Convert 42 (base 7) to base 10.
30
-1011 (base 6) to base 13
-142
What is -146 (base 10) in base 4?
-2102
-3 (base 11) to base 12
-3
What is -45 (base 8) in base 15?
-27
-105 (base 7) to base 4
-312
What is -13 (base 9) in base 4?
-30
Convert f (base 16) to base 15.
10
What is 32 (base 5) in base 2?
10001
What is -4 (base 6) in base 5?
-4
Convert 2 (base 6) to base 5.
2
Convert 22 (base 6) to base 15.
e
Convert 23 (base 10) to base 12.
1b
-4 (base 16) to base 10
-4
What is -4 (base 7) in base 2?
-100
Convert -1 (base 14) to base 8.
-1
-13 (base 11) to base 5
-24
What is -5 (base 9) in base 13?
-5
What is -1 (base 10) in base 4?
-1
What is -15 (base 12) in base 5?
-32
-7 (base 10) to base 2
-111
1 (base 10) to base 15
1
What is 45 (base 8) in base 10?
37
What is -1 (base 15) in base 8?
-1
Convert -86 (base 12) to base 6.
-250
61 (base 8) to base 15
34
What is 36 (base 15) in base 3?
1220
Convert 56 (base 7) to base 2.
101001
What is -215 (base 7) in base 10?
-110
Convert -b (base 14) to base 15.
-b
-28 (base 12) to base 2
-100000
What is 0 (base 2) in base 16?
0
Convert 1 (base 8) to base 4.
1
33a (base 11) to base 16
196
Convert -520 (base 6) to base 7.
-363
What is -3 (base 8) in base 9?
-3
-23 (base 7) to base 5
-32
-26 (base 16) to base 11
-35
Convert -63 (base 7) to base 5.
-140
What is -1 (base 6) in base 8?
-1
Convert 10 (base 8) to base 15.
8
What is 315 (base 9) in base 10?
257
Convert -7 (base 14) to base 8.
-7
What is 2 (base 16) in base 7?
2
What is 0 (base 8) in base 11?
0
-2 (base 3) to base 15
-2
-1 (base 12) to base 14
-1
-93 (base 13) to base 4
-1320
Convert -132 (base 9) to base 12.
-92
Convert -146 (base 9) to base 4.
-1323
Convert -10 (base 3) to base 8.
-3
Convert -5 (base 6) to base 15.
-5
What is 34 (base 14) in base 5?
141
-1cd (base 15) to base 13
-262
What is -2 (base 11) in base 3?
-2
Convert -101002 (base 3) to base 16.
-110
Convert 10 (base 2) to base 12.
2
1 (base 4) to base 12
1
What is -200 (base 3) in base 7?
-24
What is 1d (base 16) in base 12?
25
What is -4 (base 11) in base 14?
-4
What is 12 (base 9) in base 12?
b
15 (base 14) to base 12
17
-13 (base 5) to base 13
-8
Convert -2 (base 16) to base 2.
-10
What is -335 (base 7) in base 14?
-c5
What is -1 (base 12) in base 9?
-1
19 (base 16) to base 13
1c
-3 (base 11) to base 13
-3
Convert -65 (base 12) to base 3.
-2212
13 (base 14) to base 16
11
-17 (base 9) to base 3
-121
What is 4 (base 8) in base 3?
11
-203 (base 4) to base 8
-43
Convert 0 (base 10) to base 14.
0
Convert 2 (base 15) to base 13.
2
Convert 301 (base 5) to base 11.
6a
What is -233 (base 4) in base 13?
-38
Convert -5 (base 10) to base 15.
-5
Convert 0 (base 9) to base 16.
0
What is 15 (base 12) in base 15?
12
What is 12 (base 7) in base 10?
9
19 (base 14) to base 6
35
Convert 2011 (base 3) to base 15.
3d
-b (base 15) to base 7
-14
What is -1010000 (base 2) in base 5?
-310
Convert -31 (base 7) to base 14.
-18
What is 15 (base 15) in base 6?
32
What is -11 (base 2) in base 14?
-3
23 (base 13) to base 5
104
What is 4 (base 10) in base 4?
10
What is 26 (base 10) in base 7?
35
Convert 0 (base 10) to base 14.
0
36 (base 15) to base 8
63
Convert -10 (base 2) to base 4.
-2
Convert -25 (base 8) to base 3.
-210
What is 3a (base 13) in base 7?
100
What is -15 (base 14) in base 16?
-13
-20 (base 13) to base 15
-1b
Convert 0 (base 5) to base 15.
0
What is 7 (base 16) in base 11?
7
-11101 (base 2) to base 3
-1002
What is -12 (base 11) in base 6?
-21
Convert -3 (base 11) to base 8.
-3
101010 (base 2) to base 11
39
What is 17 (base 15) in base 4?
112
Convert 201 (base 7) to base 6.
243
Convert -2 (base 7) to base 6.
-2
3 (base 4) to base 16
3
Convert -3 (base 11) to